{"id":17,"date":"2026-03-16T10:45:47","date_gmt":"2026-03-16T13:45:47","guid":{"rendered":"https:\/\/mcveste.com.br\/?post_type=product&#038;p=17"},"modified":"2026-04-07T23:19:39","modified_gmt":"2026-04-08T02:19:39","slug":"short-saia","status":"publish","type":"product","link":"https:\/\/mcveste.com.br\/?product=short-saia","title":{"rendered":"Short Saia"},"content":{"rendered":"<p><strong>Caracter\u00edsticas principais:<\/strong><\/p>\n<ul>\n<li><strong>Tecido:<\/strong>30% linho, 65% viscose, 5% elastano.<\/li>\n<li><strong>Conforto e praticidade:<\/strong>Combina a liberdade de movimento de um short com a est\u00e9tica de uma saia.<\/li>\n<li><strong>Versatilidade:<\/strong>Pode ser usado em diferentes ocasi\u00f5es, desde passeios diurnos at\u00e9 eventos mais casuais.<\/li>\n<li><strong>C\u00f3s:<\/strong>normal e el\u00e1stico nas costas.<\/li>\n<li><strong>Fechamento:<\/strong>fechamento total.<\/li>\n<li><strong>Detalhes:<\/strong>Inclui dois bolsos laterais em faca.<\/li>\n<li><strong>Composi\u00e7\u00e3o:<\/strong>\u00c9 comum que seja composto por uma mistura de linho com viscose e elastano para maior conforto e caimento.<\/li>\n<\/ul>\n<p><strong>\u00a0<\/strong><\/p>\n<p><strong>Benef\u00edcios:<\/strong><\/p>\n<ul>\n<li><strong>Leveza e frescor:<\/strong>Perfeito para dias quentes.<\/li>\n<li><strong>Estilo sofisticado:<\/strong>O linho confere um visual elegante e moderno.<\/li>\n<li><strong>Durabilidade:<\/strong>Pe\u00e7as em linho de qualidade s\u00e3o dur\u00e1veis.<\/li>\n<li><strong>Sustentabilidade:<\/strong>O linho \u00e9 uma fibra natural e biodegrad\u00e1vel.<\/li>\n<\/ul>\n<p>&nbsp;<\/p>\n<p><strong>Dicas de estilo:<\/strong><\/p>\n<ul>\n<li><strong>Look casual:<\/strong>Combine com blusas cropped, t-shirts soltinhas ou batas.<\/li>\n<li><strong>Look arrumado:<\/strong>Para a noite, troque os acess\u00f3rios e opte por saltos e uma camisa estruturada.<\/li>\n<li><strong>Combina\u00e7\u00f5es:<\/strong>Fica \u00f3timo com outras pe\u00e7as de tecidos naturais e leves, como blusas em lese.<\/li>\n<\/ul>\n<p>&nbsp;<\/p>\n","protected":false},"excerpt":{"rendered":"<p>Uma pe\u00e7a vers\u00e1til em composi\u00e7\u00e3o de linho com elastano, confort\u00e1vel e fresco, combinando a praticidade de um short com estilo de uma saia curta, ideal para o ver\u00e3o. Apresenta c\u00f3s normal na frente e el\u00e1stico atr\u00e1s, bolsos laterais com design moderno e caimento perfeito. Quanto as cores podem apresentar pequena varia\u00e7\u00e3o entre o tom real e digital.<\/p>\n","protected":false},"featured_media":61,"comment_status":"open","ping_status":"closed","template":"","meta":[],"product_brand":[18],"product_cat":[17],"product_tag":[],"class_list":{"0":"post-17","1":"product","2":"type-product","3":"status-publish","4":"has-post-thumbnail","6":"product_brand-heco-girls","7":"product_cat-shorts-saia","9":"first","10":"instock","11":"sale","12":"purchasable","13":"product-type-variable"},"jetpack_sharing_enabled":true,"_links":{"self":[{"href":"https:\/\/mcveste.com.br\/index.php?rest_route=\/wp\/v2\/product\/17","targetHints":{"allow":["GET"]}}],"collection":[{"href":"https:\/\/mcveste.com.br\/index.php?rest_route=\/wp\/v2\/product"}],"about":[{"href":"https:\/\/mcveste.com.br\/index.php?rest_route=\/wp\/v2\/types\/product"}],"replies":[{"embeddable":true,"href":"https:\/\/mcveste.com.br\/index.php?rest_route=%2Fwp%2Fv2%2Fcomments&post=17"}],"wp:featuredmedia":[{"embeddable":true,"href":"https:\/\/mcveste.com.br\/index.php?rest_route=\/wp\/v2\/media\/61"}],"wp:attachment":[{"href":"https:\/\/mcveste.com.br\/index.php?rest_route=%2Fwp%2Fv2%2Fmedia&parent=17"}],"wp:term":[{"taxonomy":"product_brand","embeddable":true,"href":"https:\/\/mcveste.com.br\/index.php?rest_route=%2Fwp%2Fv2%2Fproduct_brand&post=17"},{"taxonomy":"product_cat","embeddable":true,"href":"https:\/\/mcveste.com.br\/index.php?rest_route=%2Fwp%2Fv2%2Fproduct_cat&post=17"},{"taxonomy":"product_tag","embeddable":true,"href":"https:\/\/mcveste.com.br\/index.php?rest_route=%2Fwp%2Fv2%2Fproduct_tag&post=17"}],"curies":[{"name":"wp","href":"https:\/\/api.w.org\/{rel}","templated":true}]}}